**2 - 6*y + 9. Let p be a(-7). Suppose 27 = 2*m - n, 5*n = p*m - 40 + 9. What are the prime factors of m?
13
Let l(o) = 2*o**2 + 3 + 8*o + 2 - 6. Let r be l(-6). List the prime factors of 1/2 + r/2.
2, 3
Let i = 291 - 157. What are the prime factors of i?
2, 67
Let g = 58 - 38. Let v = 38 - 27. Let i = g - v. What are the prime factors of i?
3
Suppose -s - 11 = -0*s. Let i = 27 + s. Let m = i + -5. What are the prime factors of m?
11
Let x(z) = -8*z. Let m(n) = -16*n. Let g(h) = -6*m(h) + 11*x(h). Let f be g(2). Suppose 0 = 4*k - 0 - f. What are the prime factors of k?
2
Suppose d - 3 = 0, u - 3*d + 4 = -2. Suppose u*c = -c + 76. Suppose t = -2*w + c, 0*t - w - 43 = -3*t. List the prime factors of t.
3, 5
Suppose 4*u = -3*r + 39, 0 = u + r + r - 6. Suppose u = 3*d + 48. List the prime factors of ((-52)/d)/((-2)/(-6)).
13
Let r = 203 + -55. List the prime factors of r.
2, 37
Let n be (22/(-99))/((-2)/18). What are the prime factors of 94*(n + (-12)/8)?
47
Let d = -44 + 51. What are the prime factors of d?
7
Let q(u) = -u**2 + 6*u + 2. Let h(v) = -v**2 + 3*v + 1. Let g(p) = -11*h(p) + 6*q(p). What are the prime factors of g(-3)?
37
List the prime factors of (0 - (-4)/10)*(-1 - -431).
2, 43
Let b(g) = 0 - 3*g**3 + 2*g**3 - 1 + 3*g**2. Let l be b(2). Suppose -5*j + 4 = -j - 2*c, 4*j - l*c - 2 = 0. List the prime factors of j.
2
Suppose 5*m - 3*m = 4*f - 26, 4*f + 2*m = 14. What are the prime factors of f?
5
Let n = -10 - -25. List the prime factors of n.
3, 5
Let o be (5/(-15))/(2/(-6)). What are the prime factors of (2/2 + o)/1?
2
Let u(a) = 50*a + 8. What are the prime factors of u(4)?
2, 13
List the prime factors of (-3)/7 - (-1416)/21.
67
Let b be (2 - 0)/(2/2). Suppose -g + b*g + 2 = 0. What are the prime factors of (g/(-5))/((-1)/(-35))?
2, 7
Suppose c - 2*c + 2*y = 5, y - 16 = -4*c. What are the prime factors of c?
3
Let c be -3 + (12/1 - 3). Suppose -2*l = 2*b - 12, b - c*b + 3*l = -30. What are the prime factors of b?
2, 3
Suppose -7 = 5*c + 5*n - 2, 5*n = -c - 17. Suppose -15 = -c*d + 2*d. What are the prime factors of d?
3, 5
Let a = -20 - -28. Suppose -3*m - a = -7*m. Suppose 0 = 2*k - m, -3*w + 4*k = -4*w + 11. What are the prime factors of w?
7
Suppose 0 = -2*x + 4, -15 + 239 = 3*j + x. List the prime factors of j.
2, 37
Let j = -5 - -7. List the prime factors of (-5 - -2)/(j/(-4)).
2, 3
Let q(b) = -48*b**3 + b. What are the prime factors of q(-1)?
47
Let t = 10 + -8. Let q(b) = 2*b**2 - 2*b - 2. Let l be q(t). Suppose -11 = -x - l*m - 0*m, 3*m = -9. What are the prime factors of x?
17
Let l = 2 + 6. Suppose -5*x + l*x = 39. List the prime factors of x.
13
Let p(x) = 3*x - 27. Let h(s) = -s + 7. Let r(a) = 15*h(a) + 4*p(a). Let m be r(-2). What are the prime factors of (1*m)/((-12)/(-64))?
2
Let i = -2 - -28. Let c = i - 16. List the prime factors of c.
2, 5
Suppose -33 = -2*n + 57. List the prime factors of n.
3, 5
Let i = 1 - -1. Suppose 0 = -i*c - 1 - 9. List the prime factors of 54/5 - 1/c.
11
Let q be (-2)/12 + 614/12. Suppose 0 = -i + v - 2*v + q, i = 2*v + 42. What are the prime factors of i?
2, 3
Let o be 0/(1 + 1)*1. Suppose o = -5*w + 40 + 15. List the prime factors of w.
11
Let w be (-6 + 1)*-2*5. List the prime factors of (-14)/(-2)*w/35.
2, 5
Suppose 5 = k - 0*k. Let g = -5 + k. Suppose 3*v + 2 - 23 = g. What are the prime factors of v?
7
Suppose 245 = 3*p + 2*p. List the prime factors of p.
7
Suppose -3*i - 5*s = -72, -49 = -4*i - 5*s + 42. Suppose g - i = -5. List the prime factors of g.
2, 7
Let q be 8/10*(-4 - -9). Let r be 2/q + 610/4. List the prime factors of r/15 - (-1)/(-5).
2, 5
Suppose -3*f + 77 = h, -f + 2*f = 4*h - 243. What are the prime factors of h?
2, 31
Let o be (184/10)/((-3)/15). Let s be (-6)/8 + o/(-16). Suppose s*t - t = 8. List the prime factors of t.
2
Suppose 4*k - k = -p + 346, -k = 3*p - 110. Suppose q - 5*q = -k. Let g = -18 + q. List the prime factors of g.
11
Let f(k) = 4*k**2 + 8*k + 39. List the prime factors of f(-10).
359
Suppose 0 = 9*d - 5*d - 48. List the prime factors of d.
2, 3
Let a(w) be the first derivative of -2*w**2 - 2*w + 1. Let y = -9 + 5. List the prime factors of a(y).
2, 7
Let d(g) = -g**2 + 8*g - 1. Let l(p) = 2*p**2 + p. Let y be l(1). Suppose q - y*q = -12. List the prime factors of d(q).
11
Suppose -3*l = 88 - 376. Suppose -4*v = -0*c + 4*c - l, 5*c = 2*v - 13. List the prime factors of v.
19
Suppose 0 = -14*w + 2827 + 1807. What are the prime factors of w?
331
Suppose -11 = 2*f + 3*f - 3*x, -5*f = x + 23. Let z(g) = g**3 + 4*g**2 - 4*g - 5. Let a be z(f). Suppose -a = -p - 0. What are the prime factors of p?
11
Let a(j) = -j**3 + 4*j**2 - j + 2. Let t be a(2). Suppose -t*y + 3*y - 2*h = -53, -3*h - 33 = -5*y. What are the prime factors of (1 + 20)*3/y?
7
Suppose 10 = -3*t - 5*u - 1, 7 = t - u. Let y = -7 + t. List the prime factors of 160/25 - y/(-10).
2, 3
Let h be (-3)/(-9) - 16/(-6). Suppose h*n - 8 = 10. List the prime factors of n.
2, 3
Let y = 2 + -2. Suppose u = -y*u. Let c = u + 8. List the prime factors of c.
2
Let i = 137 - 67. List the prime factors of i/8 - (-2)/8.
3
Let x = -21 - -176. Let j = -98 + x. List the prime factors of j.
3, 19
Let p(f) = -3*f - 3. Let b be p(-3). Suppose 2*r + 36 = b*r. What are the prime factors of r?
3
Let w(t) be the first derivative of t**3/3 + 3*t**2/2 - 5*t + 4. Let r be w(-5). Suppose 2*h + 42 = r*h. List the prime factors of h.
2, 7
Let y be 27/((2/(-1))/(-4)). Suppose -4*f + 18 = -y. Suppose -5*k + 4*m = 3 - f, k + m - 3 = 0. What are the prime factors of k?
3
Suppose -b + 2*t = -27 + 7, -2*t + 22 = 2*b. What are the prime factors of (-4)/14 + 116/b?
2
Let a(y) = y + 1. Let d be a(5). Let r(b) = -b**3 + 7*b**2 - 4*b - 6. Let m be r(d). Suppose m + 1 = j. List the prime factors of j.
7
Let x = 170 + -120. Suppose -p + x = p. Suppose -4*h = -p - 7. List the prime factors of h.
2
Let q = 5 + -15. What are the prime factors of -1*6*q/4?
3, 5
Let s(h) = -h**2 - 27*h + 28. What are the prime factors of s(-26)?
2, 3
Suppose 3 = 3*l - 30. Suppose 9 = 5*f - l. Suppose -7*v = -f*v + 2*h - 20, 3*v = 5*h + 55. What are the prime factors of v?
2, 5
Let r = 12 - 29. Let c = r - -29. List the prime factors of c.
2, 3
Let v(k) = -17*k - 7. What are the prime factors of v(-2)?
3
Let d = -105 + 156. What are the prime factors of d?
3, 17
Suppose 0 = 4*o + 2*v - 10, -3*o + 3*v = 4*v - 5. Suppose o = 4*x - 29 - 23. What are the prime factors of x?
13
Let t(o) = -o**3 + 7*o**2 + 9*o - 3. Let g be t(8). Let l(n) = 2*n. What are the prime factors of l(g)?
2, 5
Suppose -15 = -2*x - x. Suppose -26 = -x*r + 29. List the prime factors of r.
11
Let k = -8 - -13. Suppose -2*n - k*h + 49 = 0, n = 6*n + 4*h - 80. List the prime factors of n.
2, 3
Let f = -7 - -10. Suppose f*l - 140 = -l + 4*b, -3*l + 105 = -2*b. What are the prime factors of l?
5, 7
Let o be 11/9 - 14/63. Let r(w) = 12*w**3 - w**2 + w - 1. What are the prime factors of r(o)?
11
Suppose 0 = -z + 4*x + 10, 0 = x + 2*x + 9. Let j = 0 - z. Suppose 4*s + j*a - 24 = 0, -s - 4*a = -32 + 12. What are the prime factors of s?
2
Let i be (-15)/4 - (-1)/(-4). Let z = 6 + i. Suppose 0 = -z*k - 5*g - 19, -4*g - 11 = 5*k - 2*k. What are the prime factors of k?
3
Suppose -4*y + 61 = -11. What are the prime factors of y?
2, 3
Let g(y) = -11*y - 78. What are the prime factors of g(-28)?
2, 5, 23
Suppose 2*s - 116 = w + 18, -5*w = -2*s + 150. List the prime factors of s.
5, 13
Suppose -3*r - r + 1623 = 5*y, 2*y = -r + 648. What are the prime factors of y?
17, 19
List the prime factors of 3 + 2/3 + (-638)/(-6).
2, 5, 11
Suppose 2*l + 3 = 5*l, 3*o + 5*l + 43 = 0. Let s = -10 - o. List the prime factors of s.
2, 3
Suppose s + 44 = 2*s. List the prime factors of s.
2, 11
Let u = 76 - 19. What are the prime factors of u?
3, 19
Let s = -8 + 13. Suppose -k = 4*o - 71, -3*k = -s*k - 2. List the prime factors of o.
2, 3
Let x be (1 - (1 - 0)) + -155. Let u = x + 239. List the prime factors of (-2)/(-10) + u/5.
17
Let y(s) = 25*s + 3. Let b(k) = 51*k + 7. Let g(o) = 2*b(o) - 5*y(o). What are the prime factors of g(-1)?
2, 11
Let v be 0 + 0 + 84/(-4). Let i = v + 50. Let n = 42 - i. What are the prime factors of n?
13
Let h(f) = 3 + f**3 + 0*f**3 - 7*f**2 + 2*f - 2. Let m be h(7). List the prime factors of